.
45
Suppose 14 = 3*g + 5. Suppose -4*b - v = -g*b - 104, -b = -5*v - 80. Suppose 44 + b = 4*y. What is the highest common divisor of y and 12?
12
Let d be (-9 - -3)*(3/(-9) + -1). Suppose -j + d + 14 = 0. What is the greatest common divisor of 22 and j?
22
Let n be (-4)/(-14) + (-26)/(-7). Let x be 296/76 + 4/38. What is the greatest common factor of x and n?
4
Let w(b) = b**3 - 15*b**2 + 2*b - 22. Let i be w(15). Suppose -i*t - 960 = -16*t. What is the greatest common factor of 24 and t?
24
Suppose -3*b + 3*n = -54, 2*b = 5*n + 15 + 15. Suppose -2*c + 85 = a + 3*c, -3*c + 447 = 5*a. What is the greatest common factor of b and a?
10
Suppose k = 5*z + 78, 2*k + k + 5*z - 294 = 0. Let a be (-2)/16 - 1992/(-64). What is the greatest common factor of a and k?
31
Let f be 6/9 + (-989)/(-69). What is the highest common divisor of f and 10?
5
Let z be 18/12*46/3. Suppose 4*g - 694 = 234. Let j be -3 + (g - -3) - 2. Calculate the highest common divisor of z and j.
23
Suppose -2*w + 26 = 5*d - 62, -5*w + 2*d = -220. Let x = w - 23. Let c = -19 + x. Calculate the greatest common divisor of c and 22.
2
Suppose 219 - 30 = 9*q. What is the greatest common divisor of q and 210?
21
Suppose -113 = -17*h + 295. What is the highest common factor of 152 and h?
8
Let m(y) = y**3 - 10*y**2 - 20*y - 30. Let d be m(12). Calculate the greatest common divisor of d and 72.
18
Suppose -4*f + 0*f + 1151 = 5*h, -3*h = -5*f + 1448. What is the highest common factor of f and 17?
17
Suppose -90 = 5*a - 285. Calculate the greatest common factor of 156 and a.
39
Let s = 757 + -737. What is the highest common divisor of s and 200?
20
Let l be (-936)/(-15) + 2*4/(-20). Suppose l + 42 = 4*s. What is the highest common divisor of 65 and s?
13
Suppose -22 = -2*o + 266. Let m(a) = 4*a**2 + 2*a + 3. Let y be m(-3). Let z = y + -17. Calculate the greatest common factor of z and o.
16
Let b = -357 - -417. Calculate the highest common divisor of b and 24.
12
Suppose 0*l + 2 = l. Suppose 16 = -l*z - 4*k + 94, 0 = 2*z + k - 72. What is the highest common factor of 14 and z?
7
Let g be (-4)/(-18) - 34278/(-783). What is the greatest common divisor of 4 and g?
4
Suppose -4*m - 212 = -4*h + 176, 4*h - 2*m - 378 = 0. Suppose h = -6*o + 260. Let y = -25 + o. What is the greatest common divisor of y and 15?
3
Suppose 4*a + 4*x + 29 = 57, -4*a - x = -43. Calculate the greatest common divisor of 66 and a.
6
Let p = -382 + 707. Calculate the highest common divisor of p and 13.
13
Let i = 234 + -150. Let l(r) = r**2 + 37*r + 293. Let a be l(-26). Calculate the greatest common divisor of a and i.
7
Let i = 417 + -406. What is the highest common divisor of i and 11?
11
Let t be (-532)/(-152)*((-16)/14)/(-1). What is the highest common divisor of t and 6?
2
Let z(t) = -t**2 + 15*t + 16. Let o be z(19). Let p = 65 + o. What is the highest common factor of p and 40?
5
Let j be 33/((-4 + 9)/5). Calculate the highest common divisor of j and 165.
33
Let u = -1263 - -2171. Let v = u + -596. Suppose 3*c - v = -48. Calculate the highest common divisor of 11 and c.
11
Let q = 452 - -227. Calculate the highest common divisor of 388 and q.
97
Let u be -1 + 50 - (9 + -8). Let k(p) = p**2 - 3*p + 26. Let x be k(10). What is the highest common factor of u and x?
48
Let o = -39 + 36. Let k = o - -19. Calculate the highest common divisor of k and 2.
2
Suppose 3*b = 13*b + 960. Let y = -91 - b. What is the highest common factor of y and 45?
5
Let p = 107 - 68. Let t be (((-36)/(-5))/(-2))/(202/(-19695)). What is the highest common divisor of p and t?
39
Let c = 44 + -34. Suppose 55 = 4*t - 3*a - 72, -2*a - c = 0. What is the highest common divisor of 7 and t?
7
Suppose 0 = 10*d - 7552 + 1182. Calculate the greatest common divisor of d and 13.
13
Let u be (-6)/21*(-7)/(-1). Suppose 0*v - 5*r = 4*v - 281, v + 5*r - 89 = 0. Let n be v/((-3)/9*u). Calculate the greatest common factor of 12 and n.
12
Let p(q) = -9*q - 80. Let t be p(-14). Suppose 0 = 2*r - 203 + 65. What is the highest common factor of r and t?
23
Let u be ((-1)/(-1))/((-7)/(-14)). Let r be u/(-13) - 22/(-143). Suppose 2*t + 2*t - 308 = r. What is the greatest common divisor of 7 and t?
7
Suppose -5*s - 4*n - 15 = 0, -3*n = -5*s + 9 + 11. Let m be (24/9 - 3)*15. Let y be (0 + s)/(m/(-20)). What is the highest common factor of y and 44?
4
Let i(d) = 5*d**2 + 3*d + 3. Let w be i(-1). What is the highest common divisor of w and 20?
5
Let b be 2/(-3)*4*(-15)/20. Calculate the highest common divisor of b and 26.
2
Suppose -12 = 2*x - 4*x. Let b(m) = -x*m**2 + 2*m**2 + 7*m**2 - m. Let f be b(2). What is the highest common factor of 10 and f?
10
Let g = 7 + -6. Let a be 2*-4*g/(-2). Suppose 2*o = -3*p + o + 13, 0 = -a*p + 4*o + 28. What is the highest common factor of p and 45?
5
Let f = -75 - -82. Let z be (38/1)/(f - 5). What is the highest common divisor of 152 and z?
19
Let y(j) = 0*j - 5 - 4*j + 0. Let l be y(-3). Calculate the highest common divisor of l and 28.
7
Let v(t) = -46*t + 670. Let i be v(-31). What is the highest common divisor of i and 16?
16
Let y(t) be the third derivative of 11*t**5/60 - 29*t**4/24 + 53*t**2. Let z be y(4). What is the highest common factor of 150 and z?
30
Let m(c) be the second derivative of -5*c**3/6 + 4*c**2 - 2*c. Let b be m(-6). Suppose -3*n = 7*n - 950. Calculate the highest common factor of b and n.
19
Let m(j) = j**2 - 8*j + 5. Let d be m(7). Let l be (d - (-76)/6)*(4 - -5). What is the greatest common divisor of l and 12?
12
Suppose -5*l + 7 = -13. Let j be 4/14 + l + (-188)/(-28). Calculate the greatest common factor of j and 11.
11
Let z be (-12)/(3/(-2)*1). Suppose 3*i - 2*p = -2*i - 4, -4*p + z = -4*i. Suppose 2*f = -i*f + 234. Calculate the greatest common factor of 13 and f.
13
Suppose 0 = -2*v + 2*i + 620, -26*v + 1600 = -21*v + 5*i. Let x(z) = z**3 + z + 45. Let h be x(0). Calculate the highest common divisor of v and h.
45
Suppose -960 = 313*i - 321*i. Calculate the greatest common divisor of 12 and i.
12
Let o(f) = -17*f - 7. Let s be o(-6). Suppose -19*u - 2060 = -6525. Let v = u + -216. What is the highest common factor of v and s?
19
Suppose 3*j - 2811 = u, -2*u - 6917 = -3*j - 1280. Let a be u/(-117) - (-4)/(-26). What is the greatest common factor of a and 120?
24
Suppose 4*j - 5*p - 302 = 2*j, -4*j = 3*p - 552. Suppose -138*d = -j*d + 9. Calculate the highest common divisor of d and 9.
3
Let h = 6 + -4. Let s be 16/(-2 - (-6 + h)). Suppose -45 = -s*z + 3*z. Calculate the highest common factor of z and 45.
9
Let b = 10 - 8. Suppose 70 = p - b. Calculate the highest common divisor of 8 and p.
8
Let s = 39 + 21. Let y be (-2)/(-10) - 3/15. Suppose 0 = 2*u, -3*j + 4*u + 18 = -y*u. Calculate the highest common factor of j and s.
6
Suppose 2*k - 4*i = 58, -5*k - 9 + 132 = i. Calculate the greatest common factor of 275 and k.
25
Let m = -6 + 8. Let n be (m/(-1) - 0)*-1. Suppose -x = k - 10 - 18, -120 = -4*k - n*x. Calculate the highest common divisor of 16 and k.
16
Suppose -687*x + 688*x - 512 = 0. Calculate the greatest common factor of x and 48.
16
Let s = 341 - 111. What is the greatest common factor of 10 and s?
10
Let m = 355 - 5. Calculate the highest common factor of 140 and m.
70
Let h(z) = 0 + 25*z + 2 + 1 - 1. Let a be h(1). What is the greatest common divisor of a and 36?
9
Let x be 12/(-5)*560/(-12). What is the highest common divisor of 240 and x?
16
Let o(m) = -m**3 + 8*m**2 + 10*m + 4. Let t be o(9). Suppose -8*f = -3*f - 715. What is the highest common factor of t and f?
13
Let x be (11 + -4)/((-1)/(-3)). What is the highest common factor of x and 35?
7
Suppose 6*h = -0*h. Suppose h = 2*d + 4*w + 74, -2*d = -6*d + w - 139. Let t be (14/d)/((-1)/35). Calculate the highest common divisor of t and 126.
14
Suppose -92 + 875 = -3*x. Let c = x - -406. Let q = 8 + 21. What is the greatest common divisor of q and c?
29
Suppose -3*i + 6 = -i + 3*s, -s = i - 1. Let r(d) = d + 12. Let z be r(i). What is the highest common factor of z and 1?
1
Suppose -4*f + 0*p + 64 = p, 4*f - 2*p - 52 = 0. Suppose 6*s - f*s = -198. What is the highest common factor of s and 44?
22
Let o be 3/18*-3*0. Suppose 3*z - 4*a + 1 - 18 = o, a = 4*z - 27. Calculate the greatest common factor of z and 14.
7
Let k be 11/(1